 1034 - 497. List the prime factors of y.
3, 179
Let u = -9 - -14. Let f be (2/(-6))/(2/(-24)). Suppose f*m + 67 = u*m. List the prime factors of m.
67
Suppose 0 = -5*h + 4*t - 5*t - 37, t = 3. Let r be ((-6)/(-4))/(4/h). What are the prime factors of r/4 - 935/(-20)?
2, 23
Suppose m = -3*h + 788, -39*h + 40*h - 5*m - 252 = 0. List the prime factors of h.
2, 131
Let q = -5 + -2. Let r = q - -22. What are the prime factors of r?
3, 5
Let t(q) = -3*q + 12. Let w = -16 + 2. Let j be t(w). What are the prime factors of 7*(-11)/((-231)/j)?
2, 3
Let o be 3 - -3*(-16)/(-3). Suppose q + 5*w - 10 = 0, -2*w + 57 = 4*q - o. List the prime factors of q.
2, 5
Let u(d) = 3105*d**3 - 25*d + 35 - d**2 - 21*d**2 - 3106*d**3. What are the prime factors of u(-21)?
7, 17
Suppose 7*g - 165 = 444. Suppose 0 = -11*h + 133 + g. List the prime factors of h.
2, 5
Let m(g) be the second derivative of -3*g**5/20 - g**4/3 - g**2 - 3*g. Let a be m(-4). What are the prime factors of a/4 - 13/26?
31
Let q = 131 - 101. Suppose 26*b + 952 = q*b. What are the prime factors of b?
2, 7, 17
Suppose 0 = -8*m + 6*m + 10, 0 = 3*a - 4*m - 445. List the prime factors of a.
5, 31
Let o = -6 + 0. Let k be 108/(-14) + o/21. List the prime factors of ((-14)/k)/((-1)/(-8)).
2, 7
Let z = -428 - -1334. What are the prime factors of z?
2, 3, 151
Suppose u - 3*r - 6 = 0, 16*u - 12*u - r = 35. Let h(d) = 8*d - 8. Let s(p) = p - 1. Let j(k) = h(k) - 3*s(k). What are the prime factors of j(u)?
2, 5
Let v(y) = -10*y + 17. Let z be ((-4)/(-26) + 830/520)*-4. List the prime factors of v(z).
3, 29
Let p(w) = 4*w + 4*w**2 + 4 + w**3 - 7*w + 3*w. Let v be p(-4). Suppose 0 = v*s - 33 - 15. List the prime factors of s.
2, 3
Suppose -2*v + 2*h = -2, 2*v + 2*h = 5*h. Let q = v + 0. Suppose 0 = -f - q*g + 26, -3*f = 3*g - 69 + 15. What are the prime factors of f?
2, 7
Let j = -69 + 72. Suppose -51 = -j*m - 3*c, 0 = 6*m - 7*m + 2*c + 11. List the prime factors of m.
3, 5
Let m = -1680 + 5061. What are the prime factors of m?
3, 7, 23
Let y(q) = 2*q**2 + 84*q + 76. What are the prime factors of y(-48)?
2, 163
Suppose 10*j - 21839 = 2231. List the prime factors of j.
29, 83
Let s(a) = 661*a - 84. What are the prime factors of s(3)?
3, 211
Let q(y) = -354*y + 29. List the prime factors of q(-10).
43, 83
Let h(a) = -2*a**2 + 2*a + 3. Let m be h(3). Let c be -7*(m/(-7) - 3). Suppose -3*z = -2*z - c. What are the prime factors of z?
2, 3
Suppose -13*m + 17*m = 28. List the prime factors of m/(2/(0 + 2)).
7
Let y(v) be the second derivative of v**2 - 1/6*v**4 + v**3 + 0 + v. List the prime factors of y(3).
2
Let x = 5827 + -4063. What are the prime factors of x?
2, 3, 7
Suppose -17*q = 3964 - 11495. What are the prime factors of q?
443
Let k = 996 - 604. What are the prime factors of k?
2, 7
Suppose 3*d - u = 2668, -4*d - 4*u = -3*d - 885. What are the prime factors of d?
7, 127
List the prime factors of 6/9*1185 - -3.
13, 61
List the prime factors of (1449 - 1) + 35/(-28)*4.
3, 13, 37
Let v be 10/(-6)*(-4 - -1). Let y be -1 + (3 - v - -79). Suppose -3*w + y = w. List the prime factors of w.
19
Suppose -c + 9 = -0*c. Suppose -3*t + c = 3*j - 2*j, j = 2*t - 11. What are the prime factors of (-143 + -4)/j + -2?
47
Suppose 5*p + 2*n - 6 = 0, 3*p - 5*p + 12 = -4*n. Suppose -2*b + m = -5*b + 187, 5*b - p*m = 297. List the prime factors of b.
61
Suppose 3*h - 4*h + 2 = 0. Let l = 951 + -883. Suppose r - h*r + l = 0. What are the prime factors of r?
2, 17
Let r be ((-52)/10)/((-2)/5). Suppose -3*o + 58 = -o. Let l = o - r. List the prime factors of l.
2
Suppose 5*y - 42 = -0*o + 4*o, -36 = -4*y + 2*o. Let b be (8/3)/(y/105). Suppose -w + 3*q + b = 0, -3*q = -5*w - q + 153. List the prime factors of w.
31
Suppose 3*h - 5526 = -2*c, -4*h = -3*c - 2*h + 8276. Suppose -d + c = 19*d. What are the prime factors of d?
2, 3, 23
Let w be (2*(-6)/16)/(3/(-24)). Suppose -60 = -9*k + w*k. List the prime factors of k.
2, 5
Let d(t) = -2*t**3 + 9*t. Let x = -1 - 4. What are the prime factors of d(x)?
5, 41
Let b(d) = -d**3 + 17*d**2 - 15*d - 22. Let h be b(16). Let i be (-3)/h - (-5)/(-10). Let y(c) = -c + 16. List the prime factors of y(i).
2
Suppose -4*h = h - 2*y - 589, 0 = -5*y - 10. Suppose -2*x = x - h. Let l = 88 - x. What are the prime factors of l?
7
Let c(y) = -22*y. Let i be c(-6). Suppose f - 21 = i. What are the prime factors of f?
3, 17
Let x(a) = a**2 + 7*a + 12. Let w(j) = -12*j**3 + j. Let v be w(1). What are the prime factors of x(v)?
2, 7
Suppose 4*r - r - 3 = 0. Let b = r - -2. List the prime factors of 2*b/12*38.
19
Let x = -76 - -81. Suppose -x*f + 684 = -111. What are the prime factors of f?
3, 53
Suppose 0 = 8*g - 103 - 2305. What are the prime factors of g?
7, 43
Let c(p) = -2*p**3 + 11*p - 5. Let m be c(4). Let k = -20 - m. List the prime factors of k.
3, 23
Let s(b) = -94*b + 7. Let q be s(7). Let i be (-3)/(-18) + q/18. List the prime factors of (-27)/(-3*(-4)/i).
3
Let w(x) = -444*x - 37. What are the prime factors of w(-3)?
5, 7, 37
Suppose -2*v - 3*v = 25. Let z = 10 - v. What are the prime factors of z?
3, 5
Suppose -3*f + 5*g - 3 = 0, 4*g + 1 - 13 = 0. Suppose 4*k - 2 + 270 = -4*h, -4*k = -2*h - 152. List the prime factors of h/(-8) - (-1)/f.
3
List the prime factors of (36/(-27) - -4)*801.
2, 3, 89
Suppose -5*z + 1946 = -1444. What are the prime factors of z?
2, 3, 113
Suppose -371 = i - 4*i - 5*p, -i + 127 = 5*p. List the prime factors of i.
2, 61
Let x(i) = -i + 56. What are the prime factors of x(-23)?
79
Suppose -2*s - 2*t + 1032 = 0, -1547 = -7*s + 4*s - 4*t. What are the prime factors of s?
11, 47
Let d be -1*1/(4 - 3). Let j(o) = -7*o**3 - o**2 + o + 1. Let m be j(d). What are the prime factors of 6/(-1)*m/(-3)?
2, 3
What are the prime factors of 1/((-3)/(-969)) + 2?
5, 13
Suppose 2*f = -0*f + 692. What are the prime factors of f?
2, 173
Suppose 2*p - 4*l - 5 = 39, -2*p = -l - 41. Let c = p + -23. List the prime factors of 143/3 + (-1)/c.
2, 3
Let f(p) = -208*p - 176. What are the prime factors of f(-17)?
2, 3, 5, 7
What are the prime factors of 7 - 3*(-2787)/9?
2, 3, 13
Let g be 184/2 - (-26 + 22). Let t = -66 + g. What are the prime factors of t?
2, 3, 5
Suppose -z + 2 + 0 = 0. Suppose 0 = 3*j + z*o - 7, -3*j + 26 = -j - 4*o. Suppose j = -3*p + 32. List the prime factors of p.
3
Let s(p) = -p**2 - 8*p - 1. Let y be s(-7). Suppose -y*b = -9*b + 39. What are the prime factors of b?
13
Let k be 3 - (4 - 0 - 2). Suppose -5*d + 4*d = k. What are the prime factors of 3*d/(-2 - -1)?
3
Suppose 287*m - 999 = 284*m. What are the prime factors of m?
3, 37
Let w(c) be the third derivative of 13*c**6/30 - c**5/60 + c**4/24 + 13*c**2. What are the prime factors of w(1)?
2, 13
What are the prime factors of (-140)/30*-321 - -10?
2, 13, 29
Let q = -145 + 110. What are the prime factors of (-5)/q - 3344/(-14)?
239
Let c = -97 + -4. Let f = c - -237. What are the prime factors of f?
2, 17
Let c(z) = -z + 3. Let v be c(0). Suppose v*h - 5*s = -31, -5 = -0*s - s. List the prime factors of (-44 - (1 + h))*-1.
43
Suppose 2*l - 974 = 3*r, 2*r = -3*l + 4*r + 1466. List the prime factors of l.
2, 5, 7
Let x(s) = s**2 + 8*s + 12. Let z be x(-5). Let f(q) = -q**3 - 3*q**2 - q. Let i be f(z). List the prime factors of (i/(-4))/((-9)/24).
2
Let k be 1 - (6/(-1) + -3). Suppose -5*m + 14 = r + 2*r, -k = 5*r. Let a = 12 + m. What are the prime factors of a?
2
What are the prime factors of (4/(-16))/((-26)/206648)?
1987
Let f(s) = -1558*s**3 - 4*s**2 - 6*s - 4. What are the prime factors of f(-1)?
2, 389
Let x(a) = 2*a**3 - 15*a**2 - 9*a - 54. List the prime factors of x(13).
2, 211
Suppose -114 = 2*y - 8*y. Let v = y + -14. Suppose v*z - 5*o = 175, -z + 25 + 16 = 2*o. List the prime factors of z.
37
Let p(x) = x**3 - 7*x**2 + 3. Suppose -18 - 17 = -5*n. Let b be p(n). Suppose 0 = 5*i + 4*k - 206, b*i - 4*k = -k + 102. What are the prime factors of i?
2, 19
Let w(p) = -2*p + 4. Let x be w(3). Let h = 2 - x. What are the prime factors of h?
2
Suppose 2*b = -0*b + 12. Suppose 3*r - b = -3*k - 0*r, -4*k + 17 = r. Suppose -12*u = -k*u - 182. List the prime factors of u.
2, 13
Let f(l) = -516*l + 91. What are the prime factors of f(-2)?
1123
Suppose 2*i - 3*i + 4*b + 13 = 0, -i + 14 = -5*b. Let z = i - 11. What are the prime fa